5?
False
Is 256914 a multiple of 35?
False
Does 823 divide 1310580?
False
Is 9 a factor of 15804?
True
Is 36 a factor of 28900?
False
Is 149616 a multiple of 19?
False
Is 56 a factor of 1539066?
False
Is 697576 a multiple of 88?
True
Does 115 divide 73427?
False
Is 90396 a multiple of 330?
False
Is 19217888 a multiple of 544?
True
Is 97411 a multiple of 14?
False
Is 2081243 a multiple of 95?
False
Does 21 divide 8260254?
False
Does 633 divide 219080?
False
Does 78 divide 1005424?
False
Does 18 divide 1257768?
True
Does 27 divide 728082?
True
Is 12 a factor of 1782924?
True
Is 50158 a multiple of 5?
False
Is 283 a factor of 1187136?
False
Is 97 a factor of 1156159?
False
Is 58 a factor of 12415886?
True
Is 62 a factor of 212889?
False
Is 77 a factor of 2223221?
True
Is 123 a factor of 307530?
False
Does 87 divide 270375?
False
Is 2 a factor of 79930?
True
Is 315514 a multiple of 38?
True
Does 2 divide 4663?
False
Is 2243168 a multiple of 14?
False
Is 20 a factor of 64120?
True
Is 72 a factor of 57744?
True
Is 23 a factor of 4340050?
False
Is 9 a factor of 66240?
True
Is 298860 a multiple of 99?
False
Does 8 divide 3636593?
False
Does 558 divide 10119924?
False
Does 12 divide 1184352?
True
Is 814292 a multiple of 23?
True
Does 11 divide 14051389?
True
Is 7756200 a multiple of 93?
True
Does 21 divide 13787382?
True
Is 1076 a multiple of 6?
False
Is 44300 a multiple of 4?
True
Is 1147648 a multiple of 256?
True
Is 102 a factor of 700555?
False
Is 73715 a multiple of 5?
True
Does 10 divide 507290?
True
Does 290 divide 1557855?
False
Does 23 divide 128248?
True
Does 2 divide 4492?
True
Is 102942 a multiple of 57?
True
Does 412 divide 128544?
True
Is 1078650 a multiple of 705?
True
Is 399 a factor of 5264406?
True
Is 9507 a multiple of 169?
False
Is 15441981 a multiple of 1549?
True
Is 1997301 a multiple of 213?
True
Is 114071 a multiple of 42?
False
Is 22407321 a multiple of 939?
False
Does 16 divide 5211712?
True
Is 136 a factor of 78338?
False
Does 13 divide 2113109?
False
Does 43 divide 813302?
True
Does 59 divide 807592?
True
Is 13 a factor of 726034?
False
Is 498 a factor of 6650292?
True
Does 47 divide 111988?
False
Does 91 divide 679406?
True
Does 115 divide 1186340?
True
Is 479 a multiple of 5?
False
Is 5048117 a multiple of 109?
True
Is 17 a factor of 58526?
False
Is 191922 a multiple of 11?
False
Is 25 a factor of 2908800?
True
Is 321 a factor of 4866681?
True
Is 19 a factor of 6896332?
False
Does 3 divide 239421?
True
Does 37 divide 724053?
True
Is 2 a factor of 16772?
True
Is 25317 a multiple of 29?
True
Is 11 a factor of 222104?
False
Does 11 divide 867218?
True
Is 3033635 a multiple of 92?
False
Is 6539484 a multiple of 6?
True
Does 44 divide 9001828?
True
Does 157 divide 46629?
True
Is 10 a factor of 79750?
True
Does 20 divide 31900?
True
Is 120740 a multiple of 406?
False
Does 23 divide 76544?
True
Does 14 divide 796618?
False
Is 1479700 a multiple of 50?
True
Is 36 a factor of 77243?
False
Does 200 divide 14199600?
True
Is 33 a factor of 1492982?
False
Is 2523636 a multiple of 324?
True
Is 10 a factor of 5810739?
False
Is 9 a factor of 196452?
True
Does 67 divide 1393064?
True
Does 34 divide 2926074?
True
Is 23 a factor of 454183?
False
Is 31 a factor of 2362014?
True
Is 188326 a multiple of 58?
True
Does 88 divide 455048?
True
Is 418544 a multiple of 1036?
True
Is 2 a factor of 38485?
False
Is 6003176 a multiple of 68?
True
Is 21 a factor of 14795550?
True
Is 485 a factor of 776485?
True
Is 6 a factor of 788999?
False
Does 16 divide 4981565?
False
Does 187 divide 1237192?
True
Is 70 a factor of 118790?
True
Is 3 a factor of 89767?
False
Is 80311 a multiple of 128?
False
Does 43 divide 48348?
False
Is 17740 a multiple of 20?
True
Is 479312 a multiple of 16?
True
Is 6 a factor of 471144?
True
Is 6 a factor of 395327?
False
Does 88 divide 36256?
True
Is 1009260 a multiple of 252?
True
Is 25116 a multiple of 21?
True
Is 29 a factor of 775096?
False
Does 187 divide 416224?
False
Is 11 a factor of 1870?
True
Is 6451432 a multiple of 442?
True
Is 31860 a multiple of 15?
True
Is 97544 a multiple of 525?
False
Does 37 divide 5285228?
True
Is 1911714 a multiple of 138?
True
Is 1152888 a multiple of 11?
True
Does 236 divide 138768?
True
Is 25 a factor of 369650?
True
Is 236929 a multiple of 119?
True
Is 1137279 a multiple of 11?
True
Is 130 a factor of 2747680?
True
Does 54 divide 70069?
False
Does 21 divide 82162?
False
Is 103 a factor of 275834?
True
Does 525 divide 107011?
False
Is 13 a factor of 2345447?
True
Does 31 divide 9517?
True
Is 4 a factor of 64206?
False
Is 4007863 a multiple of 18?
False
Is 210084 a multiple of 33?
False
Is 26 a factor of 4888?
True
Does 319 divide 178575?
False
Does 38 divide 75758?
False
Is 4363599 a multiple of 37?
False
Does 3 divide 45773?
False
Is 3546271 a multiple of 19?
False
Is 21 a factor of 2890082?
False
Is 2473763 a multiple of 7?
False
Is 255 a factor of 16603050?
True
Does 52 divide 201107?
False
Is 3 a factor of 5309001?
True
Does 154 divide 722483?
False
Is 77 a factor of 4188345?
False
Does 16 divide 30592960?
True
Is 13429879 a multiple of 75?
False
Is 2684526 a multiple of 254?
True
Is 3 a factor of 276200?
False
Is 1215048 a multiple of 20?
False
Is 56079 a multiple of 32?
False
Is 1277380 a multiple of 101?
False
Is 46 a factor of 164815?
False
Is 27 a factor of 28053?
True
Is 245 a factor of 2359350?
True
Does 140 divide 5438510?
False
Is 66 a factor of 11275506?
True
Is 50556 a multiple of 22?
True
Does 5 divide 23555?
True
Is 27 a factor of 4731696?
True
Is 16 a factor of 3606611?
False
Is 242604 a multiple of 57?
False
Is 19 a factor of 6151974?
False
Is 2 a factor of 10169?
False
Does 819 divide 1074585?
False
Is 6515379 a multiple of 102?
False
Is 26 a factor of 38220?
True
Is 12 a factor of 3951?
False
Does 134 divide 80905?
False
Is 842631 a multiple of 4?
False
Does 119 divide 20859867?
True
Does 703 divide 11197642?
False
Is 428 a factor of 417300?
True
Does 302 divide 4766164?
True
Does 453 divide 367383?
True
Is 642 a factor of 52644?
True
Does 100 divide 1459427?
False
Does 25 divide 109361?
False
Does 23 divide 16993?
False
Does 37 divide 722536?
True
Does 22 divide 787358?
True
Is 32 a factor of 1313504?
True
Does 81 divide 2120904?
True
Is 76 a factor of 22268?
True
Does 38 divide 153596?
True
Is 52 a factor of 1251640?
True
Is 18 a factor of 1838502?
True
Does 14 divide 401956?
False
Is 637879 a multiple of 412?
False
Is 7 a factor of 48125?
True
Is 2203650 a multiple of 288?
False
Is 4 a factor of 56096?
True
Is 73 a factor of 625591?
False
Is 104 a factor of 267592?
True
Does 92 divide 30360?
True
Is 5 a factor of 17260?
True
Is 7350 a multiple of 5?
True
Is 3 a factor of 1718682?
True
Is 554 a factor of 2980681?
False
Is 631 a factor of 279533?
True
Is 43 a factor of 1157026?
False
Is 57 a factor of 153894?
False
Is 86 a factor of 458988?
False
Does 191 divide 687027?
True
Is 14145348 a multiple of 14?
True
Is 279570 a multiple of 103?
False
Is 52 a factor of 509343?
False
Does 217 divide 1250571?
True
Does 21 divide 3045693?
True
Is 752464 a multiple of 16?
True
Is 142579 a multiple of 10?
False
Is 14 a factor of 42812?
True
Does 72 divide 234720?
True
Does 18 divide 573115?
False
Is 2425 a multiple of 2?
False
Does 7 divide 70727?
False
Is 22 a factor of 254650?
True
Does 15 divide 214269?
False
Does 68 divide 2162402?
False
Does 270 divide 199800?
True
Does 359 divide 114477?
False
Is 23434 a multiple of 4?
False
Does 84 divide 1161468?
True
Is 730 a factor of 1919907?
False
Does 3 divide 53479?
False
Is 20810 a multiple of 38?
False
Does 52 divide 31302?
False
Is 1024201 a multiple of 40?
False
Is 2 a factor of 10002?
True
Is 3545080 a multiple of 440?
True
Does 15 divide 404490?
True
Is 24 a factor of 596064?
True
Does 99 divide 1134639?
True
Does 17 divide 248625?
True
Is 409144 a multiple of 14?
False
Is 4430173 a multiple of 37?
False
Does 108 divide 4398300?
True
Is 18 a factor of 90294?
False
Is 405 a factor of 850095?
True
Is 99570 a multiple of 70?
False
Is 1136800 a multiple of 245?
True
Is 42 a factor of 537747?
False
Does 30 divide 22409940?
True
Is 1234393 a multiple of 450?
False
Is 9 a factor of 27275?
False
Is 405 a factor of 320355?
True
Does 3